 8 and 10292.
4
What is the highest common factor of 2470 and 26?
26
What is the highest common factor of 2400 and 40?
40
Calculate the greatest common factor of 55 and 2464.
11
What is the greatest common divisor of 24309 and 999?
333
Calculate the highest common divisor of 70 and 5810.
70
Calculate the greatest common divisor of 3404 and 368.
92
What is the greatest common divisor of 60 and 1020?
60
What is the highest common factor of 1085 and 2945?
155
Calculate the highest common factor of 657 and 1460.
73
Calculate the greatest common divisor of 8070 and 12.
6
Calculate the highest common factor of 22 and 6.
2
What is the highest common factor of 26 and 596?
2
What is the highest common factor of 7 and 24325?
7
Calculate the highest common factor of 203 and 58.
29
What is the greatest common factor of 53 and 25811?
53
Calculate the highest common divisor of 767 and 649.
59
What is the greatest common factor of 1054 and 306?
34
What is the highest common divisor of 13 and 546?
13
Calculate the highest common divisor of 1765 and 35.
5
What is the highest common divisor of 4160 and 800?
160
Calculate the highest common divisor of 8 and 11.
1
What is the highest common divisor of 65342 and 74?
74
What is the highest common factor of 590 and 885?
295
Calculate the highest common factor of 246 and 12.
6
Calculate the greatest common divisor of 56 and 140.
28
Calculate the highest common divisor of 2 and 4618.
2
Calculate the highest common divisor of 580 and 180.
20
What is the highest common factor of 170 and 40?
10
Calculate the greatest common factor of 117 and 26.
13
Calculate the highest common divisor of 52 and 8788.
52
What is the highest common divisor of 6539 and 26?
13
Calculate the highest common divisor of 948 and 156.
12
What is the greatest common factor of 62 and 6?
2
Calculate the greatest common divisor of 147 and 231.
21
Calculate the greatest common divisor of 64 and 224.
32
What is the greatest common factor of 2242 and 152?
38
What is the highest common factor of 212 and 5777?
53
What is the greatest common divisor of 2 and 54?
2
What is the greatest common factor of 325 and 455?
65
Calculate the highest common factor of 297 and 22.
11
What is the greatest common factor of 5 and 19595?
5
What is the highest common divisor of 154 and 693?
77
Calculate the highest common factor of 812 and 116.
116
What is the highest common divisor of 128 and 608?
32
Calculate the highest common factor of 4 and 14.
2
Calculate the highest common factor of 12 and 204.
12
What is the highest common factor of 1586 and 338?
26
Calculate the highest common factor of 711 and 18.
9
What is the highest common factor of 1 and 698?
1
Calculate the highest common factor of 125 and 150.
25
Calculate the greatest common divisor of 49 and 875.
7
Calculate the greatest common factor of 57 and 1007.
19
What is the highest common factor of 6 and 4782?
6
What is the greatest common factor of 17 and 1802?
17
What is the highest common divisor of 44604 and 118?
118
What is the highest common factor of 15302 and 7?
7
What is the highest common divisor of 14 and 882?
14
What is the highest common divisor of 1300 and 100?
100
What is the highest common divisor of 96 and 72?
24
Calculate the highest common factor of 7450 and 100.
50
Calculate the greatest common divisor of 440 and 286.
22
What is the highest common divisor of 351 and 65?
13
What is the greatest common factor of 455 and 91?
91
What is the highest common factor of 1 and 142?
1
What is the greatest common factor of 261 and 406?
29
What is the greatest common factor of 87 and 29?
29
What is the highest common divisor of 120 and 15?
15
What is the greatest common factor of 261 and 1711?
29
What is the highest common factor of 721 and 206?
103
What is the highest common factor of 1149 and 15?
3
What is the highest common divisor of 121 and 34001?
121
Calculate the highest common factor of 174 and 10527.
87
Calculate the greatest common divisor of 34164 and 12.
12
Calculate the highest common factor of 253 and 319.
11
Calculate the highest common divisor of 10633 and 868.
217
Calculate the greatest common factor of 902 and 99.
11
What is the greatest common divisor of 1247 and 43?
43
What is the highest common factor of 120 and 888?
24
Calculate the greatest common factor of 6 and 186.
6
What is the highest common divisor of 1395 and 45?
45
Calculate the greatest common divisor of 14 and 3178.
14
What is the greatest common factor of 546 and 364?
182
Calculate the greatest common divisor of 52778 and 22.
22
Calculate the highest common divisor of 21926 and 152.
38
What is the highest common factor of 240 and 60?
60
Calculate the greatest common factor of 275 and 209.
11
What is the greatest common factor of 18 and 126?
18
What is the greatest common divisor of 1586 and 338?
26
What is the highest common factor of 368 and 144?
16
Calculate the highest common factor of 146 and 5986.
146
What is the highest common divisor of 5 and 40?
5
What is the highest common divisor of 24 and 72?
24
What is the greatest common divisor of 98 and 448?
14
What is the greatest common factor of 50 and 830?
10
What is the greatest common divisor of 196 and 49?
49
Calculate the highest common divisor of 5 and 19.
1
What is the highest common factor of 527 and 403?
31
What is the greatest common divisor of 297 and 7425?
297
Calculate the highest common divisor of 42 and 903.
21
What is the highest common divisor of 729 and 54?
27
What is the highest common factor of 708 and 60?
12
Calculate the highest common factor of 5 and 205.
5
What is the highest common factor of 16 and 11488?
16
What is the highest common factor of 912 and 57?
57
Calculate the greatest common factor of 38 and 323.
19
Calculate the greatest common divisor of 14 and 287.
7
What is the highest common factor of 108 and 783?
27
What is the highest common divisor of 62 and 3?
1
What is the highest common factor of 213 and 3?
3
What is the greatest common factor of 6 and 1?
1
What is the greatest common divisor of 225 and 36?
9
Calculate the greatest common factor of 20 and 22580.
20
What is the highest common factor of 354 and 12?
6
What is the greatest common divisor of 8480 and 60?
20
What is the highest common factor of 710 and 781?
71
What is the highest common divisor of 3 and 120?
3
What is the highest common factor of 539 and 7?
7
Calculate the highest common divisor of 50 and 6.
2
Calculate the greatest common divisor of 12 and 43.
1
What is the highest common divisor of 39 and 429?
39
Calculate the greatest common factor of 23 and 23.
23
What is the highest common factor of 264 and 632?
8
What is the highest common divisor of 1140 and 2356?
76
Calculate the highest common factor of 1067 and 253.
11
What is the greatest common factor of 91 and 7?
7
What is the greatest common factor of 391 and 23?
23
What is the greatest common factor of 280 and 168?
56
What is the highest common divisor of 609 and 21?
21
What is the greatest common factor of 1426 and 31?
31
What is the highest common factor of 10 and 34?
2
Calculate the highest common divisor of 23 and 161.
23
Calculate the highest common factor of 6504 and 271.
271
Calculate the greatest common divisor of 21 and 28.
7
Calculate the highest common factor of 174 and 294.
6
Calculate the greatest common factor of 30 and 47940.
30
Calculate the greatest common factor of 570 and 60.
30
What is the greatest common factor of 441 and 18?
9
Calculate the greatest common divisor of 2240 and 800.
160
Calculate the greatest common divisor of 78 and 52.
26
What is the highest common divisor of 147 and 98?
49
Calculate the greatest common factor of 1869 and 126.
21
Calculate the greatest common factor of 309 and 8137.
103
What is the greatest common divisor of 4870 and 10?
10
What is the highest common divisor of 187 and 49742?
187
What is the highest common divisor of 308 and 42?
14
Calculate the greatest common divisor of 390 and 2418.
78
What is the greatest common factor of 354 and 48?
6
What is the highest common divisor of 6 and 150?
6
Calculate the highest common factor of 4 and 304.
4
What is the highest common divisor of 494 and 38?
38
What is the highest common divisor of 9756 and 144?
36
Calculate t